030?
111331100
In base 16, what is -183a11 + 4?
-183a0d
In base 16, what is -1 + 282d8?
282d7
In base 16, what is 4 + 4e01?
4e05
In base 5, what is 31321344 - -2?
31321401
In base 4, what is 2 + 3010212202?
3010212210
In base 8, what is -5730 + 35?
-5673
In base 4, what is 3020022 - -303?
3020331
In base 13, what is -47c + -92?
-541
In base 13, what is -6 - b74b?
-b754
In base 15, what is -1b - -8da?
8be
In base 13, what is 13 + 5827a?
58290
In base 9, what is 1 - -472175?
472176
In base 5, what is 142023 + -42?
141431
In base 8, what is -22636 - 372?
-23230
In base 13, what is 2bb39 + 2?
2bb3b
In base 8, what is -27045 + 13?
-27032
In base 6, what is -444542 - -1?
-444541
In base 13, what is -14 + 1118?
1104
In base 8, what is 4162 + -377?
3563
In base 9, what is 2155 + -1602?
453
In base 2, what is -11000 + 10010111011?
10010100011
In base 2, what is 1110010000010111 - 100?
1110010000010011
In base 16, what is -1 + -12d9?
-12da
In base 5, what is -3 + 12241?
12233
In base 5, what is 1041 + 1111?
2202
In base 5, what is -12 - -2334?
2322
In base 12, what is -1 + 21513?
21512
In base 15, what is -51e339 + -2?
-51e33b
In base 8, what is -1360 + 3415?
2035
In base 13, what is -1b28b + 5?
-1b286
In base 4, what is 1012 - 10131013?
-10130001
In base 5, what is -3 + -321224?
-321232
In base 10, what is 9582 + -4?
9578
In base 11, what is 2 - -258857?
258859
In base 14, what is 1ca + 22?
20c
In base 5, what is -302 - -2411?
2104
In base 11, what is -5 + 23a3?
2399
In base 6, what is -11353 + -4440?
-20233
In base 10, what is 43 + 2368?
2411
In base 13, what is -39550 + -6?
-39556
In base 9, what is -6 - -130416?
130410
In base 14, what is 1337 - -4?
133b
In base 3, what is 112222 - 11210110?
-11020111
In base 11, what is -2 + 71186a?
711868
In base 12, what is 26 + -47b5?
-478b
In base 7, what is -304606 + -10?
-304616
In base 6, what is -1335054 + 4?
-1335050
In base 14, what is -46005 - 2?
-46007
In base 12, what is -10699 + -8?
-106a5
In base 15, what is 62 + -a7?
-45
In base 16, what is -2b - b93?
-bbe
In base 8, what is -15300 + -25?
-15325
In base 6, what is 144211 - -3?
144214
In base 4, what is 21 - 10012001011?
-10012000330
In base 10, what is 11441 - 275?
11166
In base 16, what is 1cb9b + 3?
1cb9e
In base 6, what is 2321302 - 2?
2321300
In base 4, what is -100212301 - 20?
-100212321
In base 6, what is -131 - -2501?
2330
In base 9, what is 247674 + 27?
247712
In base 8, what is -1265 - -67?
-1176
In base 14, what is d90c1 - -1?
d90c2
In base 11, what is -a807 - 1?
-a808
In base 4, what is 333 - 212?
121
In base 6, what is 2 + -1504334?
-1504332
In base 16, what is 53 - -f6da?
f72d
In base 14, what is 47c1b9 - -2?
47c1bb
In base 2, what is 10110 - -11100111?
11111101
In base 16, what is -1ae35 + 0?
-1ae35
In base 8, what is -12620305 + -2?
-12620307
In base 13, what is 388 + -805?
-44a
In base 7, what is 613300 + -43?
613224
In base 4, what is -101 + 23?
-12
In base 7, what is 33 - 103063?
-103030
In base 5, what is -10 + -100142203?
-100142213
In base 13, what is -4 - 1a095?
-1a099
In base 15, what is 719 + -5?
714
In base 3, what is 1020 + -102202?
-101112
In base 6, what is -1333 - 12200?
-13533
In base 16, what is d83 - -17?
d9a
In base 7, what is -562140 - 1?
-562141
In base 13, what is -2 - 70c92?
-70c94
In base 13, what is -937251 + 1?
-937250
In base 7, what is 2 + -3424336?
-3424334
In base 3, what is -121112002 - -1?
-121112001
In base 9, what is 43 - 13085?
-13042
In base 10, what is -15 - -6182?
6167
In base 12, what is 18 - -37b64?
37b80
In base 3, what is -12 - 1210001122?
-1210001211
In base 13, what is -20 - a9c?
-abc
In base 2, what is 1010001111011101 + 101?
1010001111100010
In base 10, what is 2 + -1122?
-1120
In base 9, what is 0 - 48086?
-48086
In base 11, what is -933 + 46?
-898
In base 4, what is -111032 - 33?
-111131
In base 7, what is -24 - -34124?
34100
In base 4, what is 31 + 1330111?
1330202
In base 11, what is -4 - -56035?
56031
In base 14, what is c04 - 0?
c04
In base 10, what is 2 - -21?
23
In base 9, what is -2 + -10105?
-10107
In base 14, what is -16a6a - -1?
-16a69
In base 11, what is 1 + -1568?
-1567
In base 8, what is -245066 - 1?
-245067
In base 6, what is -1303125 - -1?
-1303124
In base 6, what is -102 + 34214?
34112
In base 15, what is 86aa - -2?
86ac
In base 6, what is 10 + 11531?
11541
In base 5, what is 2 - -1243210?
1243212
In base 11, what is 7 - 19915?
-19909
In base 13, what is -1284 + 4?
-1280
In base 16, what is 4d42 + -b?
4d37
In base 13, what is 9 - 31?
-25
In base 3, what is 2 - 112211022?
-112211020
In base 7, what is -4414 - 1561?
-6305
In base 4, what is 1111 + 2000313?
2002030
In base 12, what is 16 + -6945?
-692b
In base 2, what is -100101010100001010 - -100?
-100101010100000110
In base 15, what is -783 + 5?
-77d
In base 9, what is -227002 - 5?
-227007
In base 3, what is 20121120 + 1?
20121121
In base 15, what is -2c71 - -58?
-2c18
In base 7, what is -5 + -313633?
-313641
In base 3, what is 2101201021 - 0?
2101201021
In base 7, what is 3446 + 40?
3516
In base 5, what is 344120 - 311?
343304
In base 3, what is -202021101100 - 11?
-202021101111
In base 13, what is -8 + -1346?
-1351
In base 16, what is -14dd9 + -3?
-14ddc
In base 3, what is 20 + 12012100001?
12012100021
In base 3, what is -1011 - -22100201?
22022120
In base 12, what is 4 - -22621?
22625
In base 14, what is 12dd5a + 2?
12dd5c
In base 16, what is 4 + -4d14?
-4d10
In base 14, what is -2 - 230b7?
-230b9
In base 4, what is 110 - 2120303?
-2120133
In base 9, what is 787 + -2706?
-1808
In base 2, what is 1011011011100010101 - 10?
1011011011100010011
In base 11, what is -42a4 - 36?
-432a
In base 3, what is -12 - 102212201?
-102212220
In base 8, what is -5 - 367325?
-367332
In base 5, what is 2040 + 21110?
23200
In base 3, what is 11210021 - -20?
11210111
In base 4, what is 100203112 + 10?
100203122
In base 9, what is -136803 - -2?
-136801
In base 16, what is 2c1 - -102?
3c3
In base 15, what is 953 + -21?
932
In base 12, what is 1137 + -a?
1129
In base 4, what is -132300 - -10003?
-122231
In base 6, what is 234 - -1015?
1253
In base 16, what is -3c + 4f2?
4b6
In base 7, what is 526 - -110?
636
In base 3, what is 101 + -10021002?
-10020201
In base 2, what is 101111110100011 - -101?
101111110101000
In base 8, what is 40061 + 104?
40165
In base 6, what is -34 - 331041?
-331115
In base 9, what is 4 - -520288?
520303
In base 6, what is 15310 + -4?
15302
In base 13, what is 43 + -97b?
-938
In base 3, what is -11112 - -10211200?
10200011
In base 8, what is -135357 + 40?
-135317
In base 3, what is -1101 + 111112020?
111110212
In base 13, what is -1 - 21b987?
-21b988
In base 2, what is 0 - -1010101100101?
1010101100101
In base 3, what is -10 + 1200001?
1122221
In base 5, what is -244322134 - 2?
-244322141
In base 7, what is -205120 - 26?
-205146
In base 7, what is 2 + -1304341?
-1304336
In base 7, what is -26 - 12115?
-12144
In base 8, what is -4543 + 310?
-4233
In base 5, what is -110 + 431400?
431240
In base 5, what is -24 - -342201?
342122
In base 15, what is 28 + d61?
d89
In base 10, what is -218 + -1454?
-1672
In base 10, what is 232801 - -1?
232802
In base 14, what is 930 - -23?
953
In base 8, what is 40712 + 13?
40725
In base 8, what is -4446 + 62?
-4364
In base 12, what is -11 - 36b35?
-36b46
In base 4, what is 221331 + -10321?
211010
In base 16, what is 0 - 5a9d5?
-5a9d5
In base 14, what is -12d + -1a82?
-1bb1
In base 10, what is -2376079 - 3?
-2376082
In base 15, what is -13896 - -b?
-1388a
In base 14, what is -70b + 2?
-709
In base 9, what is -121228 + -2?
-121231
In base 14, what is aac + 141?
c0d
In base 14, what is 5 - -79b64?
79b69
In base 13, what is -1076 - -b2?
-c94
In base 9, what is -208876 + -4?
-208881
In base 4, what is 10000012 + 303?
10000321
In base 15, what is -23 + -ea7?
-eca
In base 10, what is 129 - -5332?
5461
In base 14, what is 34ac0 + -5?
34ab9
In base 13, what is -186623 - 2?
-186625
In base 5, what is -32314 + -13020?
-100334
In base 4, what is 2 - 2313232?
-2313230
In base 14, what is -23 + -351?
-374
In base 3, what is 120 - -12110212?
12111102
In base 7, what is -2024 + 16?
-2005
In base 12, what is 818 - 122?
6b6
In base 14, what is c70 - 9?
c65
In base 15, what is 2 + -259b?
-2599
In base 3, wha